digit of 16002?
1
What is the tens digit of 847?
4
What is the hundreds digit of 4039?
0
What is the hundreds digit of 2401?
4
What is the units digit of 24?
4
What is the thousands digit of 7413?
7
What is the hundreds digit of 33917?
9
What is the ten thousands digit of 10787?
1
What is the thousands digit of 4187?
4
What is the units digit of 156442?
2
What is the tens digit of 2295?
9
What is the thousands digit of 10484?
0
What is the hundreds digit of 23274?
2
What is the tens digit of 1210?
1
What is the hundreds digit of 4796?
7
What is the tens digit of 9284?
8
What is the hundreds digit of 966?
9
What is the units digit of 12717?
7
What is the tens digit of 120?
2
What is the units digit of 4451?
1
What is the tens digit of 3459?
5
What is the units digit of 7106?
6
What is the tens digit of 156?
5
What is the hundreds digit of 42210?
2
What is the tens digit of 914?
1
What is the ten thousands digit of 16910?
1
What is the units digit of 7037?
7
What is the units digit of 60306?
6
What is the hundreds digit of 2891?
8
What is the hundreds digit of 8469?
4
What is the hundreds digit of 11070?
0
What is the units digit of 894?
4
What is the units digit of 75652?
2
What is the tens digit of 5875?
7
What is the tens digit of 26875?
7
What is the ten thousands digit of 37940?
3
What is the hundreds digit of 1286?
2
What is the thousands digit of 4713?
4
What is the tens digit of 1864?
6
What is the hundreds digit of 6001?
0
What is the hundreds digit of 48375?
3
What is the thousands digit of 1290?
1
What is the units digit of 19522?
2
What is the hundreds digit of 1627?
6
What is the units digit of 10610?
0
What is the hundreds digit of 30644?
6
What is the hundreds digit of 2339?
3
What is the hundreds digit of 132?
1
What is the thousands digit of 18140?
8
What is the tens digit of 2076?
7
What is the hundreds digit of 4863?
8
What is the units digit of 362?
2
What is the thousands digit of 9907?
9
What is the ten thousands digit of 17607?
1
What is the hundreds digit of 2501?
5
What is the hundreds digit of 30708?
7
What is the ten thousands digit of 12345?
1
What is the tens digit of 6438?
3
What is the tens digit of 2084?
8
What is the tens digit of 5211?
1
What is the thousands digit of 68769?
8
What is the hundreds digit of 18460?
4
What is the hundreds digit of 780?
7
What is the hundreds digit of 6712?
7
What is the thousands digit of 5467?
5
What is the thousands digit of 9795?
9
What is the hundreds digit of 24656?
6
What is the tens digit of 21415?
1
What is the ten thousands digit of 24007?
2
What is the ten thousands digit of 45425?
4
What is the units digit of 330?
0
What is the tens digit of 677?
7
What is the hundreds digit of 1912?
9
What is the hundreds digit of 681?
6
What is the tens digit of 20942?
4
What is the units digit of 196?
6
What is the tens digit of 18746?
4
What is the hundreds digit of 112?
1
What is the units digit of 11593?
3
What is the tens digit of 20122?
2
What is the thousands digit of 7432?
7
What is the units digit of 33101?
1
What is the thousands digit of 2432?
2
What is the hundreds digit of 2334?
3
What is the hundreds digit of 6079?
0
What is the thousands digit of 1737?
1
What is the units digit of 34269?
9
What is the thousands digit of 1777?
1
What is the tens digit of 2016?
1
What is the hundreds digit of 320?
3
What is the units digit of 8883?
3
What is the hundreds digit of 13503?
5
What is the thousands digit of 8226?
8
What is the thousands digit of 8386?
8
What is the tens digit of 27080?
8
What is the hundreds digit of 4719?
7
What is the thousands digit of 1228?
1
What is the thousands digit of 3284?
3
What is the units digit of 19689?
9
What is the hundreds digit of 24821?
8
What is the units digit of 1110?
0
What is the tens digit of 22?
2
What is the thousands digit of 1301?
1
What is the tens digit of 8109?
0
What is the units digit of 3615?
5
What is the hundreds digit of 2480?
4
What is the hundreds digit of 1452?
4
What is the tens digit of 545?
4
What is the ten thousands digit of 10285?
1
What is the tens digit of 3005?
0
What is the hundreds digit of 601?
6
What is the units digit of 1729?
9
What is the ten thousands digit of 21758?
2
What is the tens digit of 1260?
6
What is the hundreds digit of 1164?
1
What is the tens digit of 37083?
8
What is the units digit of 666?
6
What is the hundreds digit of 60698?
6
What is the units digit of 46073?
3
What is the hundreds digit of 3145?
1
What is the units digit of 72263?
3
What is the tens digit of 3278?
7
What is the tens digit of 2492?
9
What is the ten thousands digit of 98142?
9
What is the hundred thousands digit of 159188?
1
What is the tens digit of 44938?
3
What is the thousands digit of 22091?
2
What is the thousands digit of 1410?
1
What is the units digit of 3260?
0
What is the thousands digit of 1295?
1
What is the tens digit of 392?
9
What is the units digit of 57625?
5
What is the hundreds digit of 5615?
6
What is the units digit of 855?
5
What is the tens digit of 133657?
5
What is the hundreds digit of 701?
7
What is the units digit of 70214?
4
What is the thousands digit of 9548?
9
What is the units digit of 21665?
5
What is the units digit of 2972?
2
What is the thousands digit of 1383?
1
What is the hundreds digit of 861?
8
What is the units digit of 296?
6
What is the units digit of 29118?
8
What is the ten thousands digit of 55598?
5
What is the hundreds digit of 7572?
5
What is the thousands digit of 28114?
8
What is the tens digit of 55?
5
What is the tens digit of 3032?
3
What is the units digit of 2796?
6
What is the tens digit of 36046?
4
What is the units digit of 452?
2
What is the units digit of 919?
9
What is the tens digit of 10623?
2
What is the tens digit of 3903?
0
What is the units digit of 6208?
8
What is the tens digit of 2711?
1
What is the tens digit of 25?
2
What is the thousands digit of 36552?
6
What is the ten thousands digit of 41872?
4
What is the hundreds digit of 5297?
2
What is the hundreds digit of 1840?
8
What is the ten thousands digit of 15832?
1
What is the units digit of 486?
6
What is the tens digit of 2048?
4
What is the units digit of 97227?
7
What is the thousands digit of 1539?
1
What is the units digit of 1780?
0
What is the units digit of 2730?
0
What is the thousands digit of 80754?
0
What is the hundreds digit of 16589?
5
What is the tens digit of 497?
9
What is the thousands digit of 24984?
4
What is the hundreds digit of 122964?
9
What is the hundreds digit of 42794?
7
What is the ten thousands digit of 25255?
2
What is the units digit of 1160?
0
What is the tens digit of 729?
2
What is the tens digit of 5505?
0
What is the thousands digit of 20516?
0
What is the ten thousands digit of 28786?
2
What is the tens digit of 501?
0
What is the tens digit of 1177?
7
What is the hundreds digit of 300?
3
What is the hundreds digit of 7920?
9
What is the hundreds digit of 1361?
3
What is the hundreds digit of 11145?
1
What is the tens digit of 13570?
7
What is the hundreds digit of 18855?
8
What is the units digit of 1031?
1
What is the ten thousands digit of 15550?
1
What is the hundreds digit of 1572?
5
What is the tens digit of 2025?
2
What is the thousands digit of 1353?
1
What is the thousands digit of 39651?
9
What is the tens digit of 3420?
2
What is the units digit of 15968?
8
What is the units digit of 248?
8
What is the ten thousands digit of 29842?
2
What is the units digit of 30753?
3
What is the tens digit of 20636?
3
What is the units digit of 1950?
0
What is the thousands digit of 5979?
5
What is the tens digit of 2366?
6
What is the units digit of 68525?
5
What is the tens digit of 7044?
4
What is the thousands digit of 6330?
6
What is the hundreds digit of 513?
5
What is the hundreds digit of 9467?
4
What is the hundreds digit of 10867?
8
What is the tens digit of 168?
6
What is the units digit of 3672?
2
What is the tens digit of 2118?
1
What is the thousands digit of 1395?
1
What is the thousands digit of 15393?
5
What is the tens digit of 4812?
1
What is the units digit of 17962?
2
What is the tens digit of 125131?
3
What is the hundreds digit of 556?
5
What is the thousands digit of 1372?
1
What is the tens digit of 11406?
0
What is the hundr